et g(n) = n + i*n - 1 - 1. Let l(a) = 4*g(a) - 7*k(a). Give l(2).
-5
Suppose -3*l - 56 = -5*i - l, -4*l - 22 = -i. Let w be (-5)/(-15) - i/(-6). Let u = w + -4. Let o(f) = -f**3 - 2*f**2 - f - 2. Give o(u).
0
Let h(x) = 2*x**2 - 8*x - 7. Let p(l) = l**2 - 7*l - 6. Let i(r) = 5*h(r) - 6*p(r). Let s = 444 + -446. Calculate i(s).
13
Let p(t) be the second derivative of t**4/12 - t**3/6 - 2*t**2 - 3*t. Let x(i) = -i**2 + 2*i + 5. Let a(v) = -4*p(v) - 3*x(v). Calculate a(1).
-2
Let z(q) = 2*q. Let m(c) = -c**2 + 2*c + 5. Let y be m(4). Let f = 5 + y. Suppose -v + 2*v + f = 0. Determine z(v).
-4
Let q(j) = j**3 + 3*j**2 - 5*j - 3. Let y be (-42)/(-14) - (0 + 7). Determine q(y).
1
Let o(i) = -i**2 + 1 - 2*i**2 + 2*i + 2*i**2. Suppose 0*y - 5 = y + 4*j, 3*y = 3*j + 15. Calculate o(y).
-2
Suppose o - 6 - 3 = -5*f, -f + 4*o + 6 = 0. Let h(g) = 3 + 4 - 4 - g - 4. Give h(f).
-3
Let q(d) = d**3 - 4*d**2 + 2*d - 6. Let z(t) = -t**3 - 4*t**2 - t. Let l be z(-4). Determine q(l).
2
Let j(i) = -i**3 - i**2 - i + 3. Let v be 3/1 + 0 + 2. Suppose -4*c + 20 = 4*k, k = 5*c - 4*k - v. Suppose c*m = 6*m + 3*p + 9, -5*m + 9 = -3*p. What is j(m)?
3
Let s(f) = -f**2 + 9*f. Let n be s(10). Let b = -6 - n. Let h(o) = -1 - 1 - 5*o**2 + 3*o**3 + 5*o - 2*o**3. Calculate h(b).
2
Let d(s) be the first derivative of s**3/3 - 17*s - 5. Determine d(0).
-17
Let c(g) = 0*g + 2*g + 11 - 3*g + 2*g. Calculate c(-5).
6
Let c(v) be the third derivative of v**6/120 - v**5/20 + v**4/12 + v**3/6 + 5*v**2. Calculate c(2).
1
Let d(z) = z - 4. Let o be d(9). Let u(n) = -n**2 + 3*n - 5. Calculate u(o).
-15
Let f be 2/(-9) + 40/18. Let t = f + -1. Suppose y - 2 = -t. Let n(g) = 4*g. Determine n(y).
4
Let q(v) be the third derivative of -v**6/360 + v**5/40 + v**4/24 - 3*v**3/2 + 4*v**2. Let h(r) be the first derivative of q(r). Determine h(2).
3
Let s be 15/6*-4*(-4)/20. Let q(x) = x**2 + 2*x - 3. Determine q(s).
5
Let k(a) be the second derivative of -1/4*a**4 + 8*a - 1/2*a**2 + 0 + 1/6*a**3. Give k(2).
-11
Let b(s) = s**3 - 7*s**2 + 5*s + 3. Let h be b(6). Let r(t) be the first derivative of -3*t**2/2 - 3*t + 17. Determine r(h).
6
Suppose 0*a + b - 13 = -5*a, -4*b = -4*a - 4. Let j(s) = -4*s + 1. Let x(g) = 15*g - 5. Let t(r) = a*x(r) + 9*j(r). What is t(-1)?
5
Let i = 11 + -16. Let c(k) be the first derivative of -k**3/3 - 3*k**2 + 2*k + 16. What is c(i)?
7
Let o(w) = -w. Let x = -5 - -8. Let c be -2 + x + -2 - -4. Suppose 0*l + 4*l - 16 = 0, -c*t + 4*l = 16. Determine o(t).
0
Let j(m) = m**2 + 6*m - 6. Suppose v - 6 = -2*v. Suppose -3*r = 15, -7 = -v*d - r - 4. Let l be (d/(-5))/(8/60). Give j(l).
-6
Let x be (-1)/(-5) - 57/(-15). Suppose -1 = u - x. Let p(f) = f**2 - 8*f + 4. Give p(u).
-11
Let c(u) be the third derivative of -u**6/120 + u**5/60 + u**3/2 - 10*u**2. Calculate c(0).
3
Let x(p) be the first derivative of p**4/4 + 5*p**3/3 + p**2 - 3*p - 16. Give x(-4).
5
Let o be -2 + (4/(-1))/(-2). Let m(t) = 4*t - 5 - 4*t - 6*t + o*t**2 - t**2. Give m(-4).
3
Let a(g) = -g**2 - g + 1. Let r(q) = -2*q**2 + 6*q + 3. Let d(z) = a(z) - r(z). Determine d(5).
-12
Suppose 0 = -7*l + l + 12. Let k(d) = -7*d + 1. Calculate k(l).
-13
Let l(p) = p**3 + 14*p**2 - 2*p - 20. Let x be l(-14). Let v(q) = q**2 - 8*q - 11. What is v(x)?
-11
Let d = 64 + -63. Let c(o) = 21*o**3 - 2*o + 1. Determine c(d).
20
Let x be -4 - (-5 + -7 + 11). Let m be 1/((-2)/(-8))*1. Let d(a) = -2*a**2 + 3*a**2 - 2*a**2 - m*a - 2. What is d(x)?
1
Let z(m) = 10*m**2 - 1. Suppose 2*o + 6 = 4*v, 5*o - 2*o + 8 = 5*v. Give z(o).
9
Let u(o) = 2*o**2 + 5*o + 2. Let r be 4 + (1 - 3)/2. Suppose -10 = r*y - 1. Determine u(y).
5
Let p(g) = -g**3 + 7*g**2 - 4*g - 5. Let n be 6 - (1 + 0 + -1). Determine p(n).
7
Let v = -6 + 7. Suppose -v = 2*f - f. Let s(h) = 2*h - 7. Let m(q) = 1. Let n(z) = f*s(z) - 6*m(z). What is n(-3)?
7
Let z(w) = 4*w**3. Let j(m) = -m - 5. Let s be j(-4). Let c be z(s). Let d(t) = t**2 + 6*t + 3. What is d(c)?
-5
Let k(r) = 393 - 393 + 2*r. Determine k(-2).
-4
Let s(q) be the first derivative of q**2/2 - 3*q + 23. Give s(-7).
-10
Let d(s) be the second derivative of s**5/20 + 7*s**4/12 - 5*s**2 - 23*s. Determine d(-7).
-10
Let t(b) be the second derivative of -b**4/12 + 5*b**3/6 + 3*b**2 - b. Let z be t(5). Let n(y) = -y**3 + 11*y + 5*y**2 + 8 + 0*y - 7*y. Determine n(z).
-4
Suppose 0 = 3*i - o - 9, -4*i - o = -2*i - 11. Suppose p - 15 = -i*p. Let s(m) = -m**3 - 1 - 3 + p - m. Give s(0).
-1
Suppose 2*t - 5*g + 2 = 24, -5*t + g + 9 = 0. Let q(u) = -7*u + 1. Determine q(t).
-6
Let i(g) = 1 + 0*g**3 + 8*g**3 - 3*g**3 - g**2. Let a be i(-1). Let t(r) = -r**2 - 4*r + 5. Determine t(a).
0
Let i be 1/(0/(-1) - -1). Let j(o) = 21*o + 15. Let a(v) = 3*v + 2. Let t(y) = -15*a(y) + 2*j(y). Give t(i).
-3
Let z(w) = w**3 + 5*w**2 - 7*w - 4. Let m be z(-6). Suppose 5*o + p - 19 = 0, -3*p + 21 = o + m*o. Let u(y) = o*y**2 + 35 - 4*y**2 - 43. Determine u(0).
-8
Let p(d) = -d + 3. Let v be p(0). Let h(n) be the first derivative of 1/3*n**v + n - n**2 - 1. Determine h(3).
4
Suppose 5*s - 4*q = -31, 3*q = -s - 4*s - 3. Let h(a) = a**3 - 8*a**2 + a - 4. Let n be h(8). Let w(j) = -n*j + 3*j + 3*j. Calculate w(s).
-6
Let q be (-16)/(-3) + (-2)/6. Suppose -3*f + 5*p + q = 0, 5*f + 0*p - 60 = -2*p. Let t = 14 - f. Let x(a) = -a**2 + 6*a - 2. Determine x(t).
6
Let b(s) = -2*s + 32. Let n(a) = -a + 11. Let m(l) = 3*b(l) - 8*n(l). Calculate m(-6).
-4
Let h(v) = v**2 + 6*v + 4. Let r(u) = u - 8. Let p be r(10). Suppose 0 = 3*i + p*i + 20. Determine h(i).
-4
Let v be 268/20 + 4/(-10). Let r(w) = 3*w**2 + v*w - 4*w**2 - 10*w. Determine r(4).
-4
Let y(u) = -u + 7. Let j = 23 + -23. Suppose j = -2*g - g - 2*f, 4*g = 2*f. What is y(g)?
7
Let l(d) be the first derivative of d**3/3 - d**2/2 + 4*d + 15. Calculate l(4).
16
Let k(m) = m**2 + 2*m - 11. Let g(d) = -2*d**2 - 3*d + 22. Let c(u) = 3*g(u) + 5*k(u). Determine c(0).
11
Let z(c) = c**3 + 4*c**2 + c + 5. Let k = -118 + 114. Determine z(k).
1
Let f(d) = d**2 + 6*d + 1. Let k be f(-6). Let t(z) be the first derivative of 0*z + k - 1/3*z**3 + z**2. What is t(3)?
-3
Let f(t) = -5*t**3 - 2*t**2 + 1. Suppose 17 - 21 = 4*a. Determine f(a).
4
Suppose -2*m - 4*u = 2*m + 28, 0 = -3*m - 4*u - 25. Let b(c) = c**3 + 4*c**2 + c - 1. Give b(m).
5
Let f be -1 + 3 - (-3 - -2). Let p be (f - (-33)/(-9))*-9. Let t(v) = v - 8. Determine t(p).
-2
Let d(v) = -2*v - 1. Let c(f) = -f**2 + 7*f - 2. Suppose j - 20 = -4*i, i + 5*j + 6 + 8 = 0. Let z be c(i). Suppose 28 = z*h + 12. Give d(h).
-9
Let a(d) = d + 3. Let k = -15 + 22. Let x(o) = -2*o - 5. Let q(j) = k*a(j) + 4*x(j). Suppose 4*w = -0*w + 16. Give q(w).
-3
Let m(p) = 6*p**2 - 1 + 2*p**2 - 5*p - 5*p**2 - 4*p**2. Let u be (6/(-5))/(1/5). Determine m(u).
-7
Let m(a) = a**3 - a**2 - a - 1. Suppose 5*t - 1 = 19. Suppose j - t*j = 0. Determine m(j).
-1
Let t(r) = 4*r + 3. Let w(v) = v. Let o(y) = -t(y) + 5*w(y). Suppose 3*x - 24 = -2*a, 5*a + x = 4*x + 18. Calculate o(a).
3
Let k be (1 + 3)/(1/4). Suppose 0 = 4*p - k, -4*p + 12 = v - 13. Let n(q) = 9 - v - q. Give n(6).
-6
Let t be 5 - ((0 - 1) + 2). Let z(l) = -l + 4*l + 9 - t*l. Let o(h) = -4*h + 28. Let u(v) = -2*o(v) + 7*z(v). Determine u(-5).
2
Let y(l) = -2*l - 1. Suppose o = -i, -5 = -o - 1. Determine y(i).
7
Let u be (-6)/4*24/(-18). Let r(v) = 32*v**u - 2*v - 4*v - 28*v**2 - 5 + v**3. Determine r(-5).
0
Let s = 10 - 10. Suppose -t + 4*c + 17 = 0, -3*t + 1 = -s*t - 2*c. Let r(y) = -2*y**2 - 3*y + 1. Calculate r(t).
-8
Let l(i) = -3 + 2*i + 2 - i**2 - 1 + 5. What is l(-2)?
-5
Suppose 2 = 2*g + 2*g + 2*t, 0 = -5*g + 2*t + 25. Let x(o) = 2*o - 2 + o + o - 3*o. Determine x(g).
1
Let r(b) = -b + 5. Suppose -4*a + 6 = -3*a. Let q = 10 - a. Calculate r(q).
1
Let w(c) be the third derivative of 2*c**2 - 1/3*c**3 + 1/12*c**4 + 0*c + 0. Calculate w(5).
8
Let o(s) = -s**2 + 4*s - 3. Let k(c) = -5*c - 3. Let b be k(-1). Give o(b).
1
Let p(i) be the first derivative of i**2 + 2*i + 3. What is p(-4)?
-6
Let k = 8 + -3. Suppose 4 = 3*y - k. Let d(u) = u. Let j be d(y). Let w(p) = p**2 - 6*p + 3. Determine w(j).
-6
Let c(r) be the second derivative of -1/6*r**4 + 0 - 3*r + 0*r**2 - 1/2*r**3. Suppose 0 = 3*a + 4 + 2. Calculate c(a).
-2
Let r(f) = 5*f - 10 - f**3 + 6*f**2 - 5*f**2 - 7*f**2. What is r(-7)?
4
Let r(s) = s - 1. Let 